
{"id":61,"date":"2020-07-29T11:39:04","date_gmt":"2020-07-29T14:39:04","guid":{"rendered":"http:\/\/kreante.com.ar\/?page_id=61"},"modified":"2020-07-29T20:45:22","modified_gmt":"2020-07-29T23:45:22","slug":"que-es-kreante","status":"publish","type":"page","link":"https:\/\/kreante.com.ar\/index.php\/que-es-kreante\/","title":{"rendered":"\u00bfQu\u00e9 es KREANTE?"},"content":{"rendered":"<div data-colibri-id=\"61-c1\" class=\"style-501 style-local-61-c1 position-relative\">\n  <!---->\n  <div data-colibri-component=\"section\" data-colibri-id=\"61-c2\" id=\"initial-content\" class=\"h-section h-section-global-spacing d-flex align-items-lg-start align-items-md-start align-items-start style-502 style-local-61-c2 position-relative\">\n    <!---->\n    <!---->\n    <div class=\"h-section-grid-container h-section-boxed-container\">\n      <!---->\n      <div data-colibri-id=\"61-c3\" class=\"h-row-container gutters-row-lg-2 gutters-row-md-2 gutters-row-0 gutters-row-v-lg-2 gutters-row-v-md-2 gutters-row-v-2 style-503 style-local-61-c3 position-relative\">\n        <!---->\n        <div class=\"h-row justify-content-lg-center justify-content-md-center justify-content-center align-items-lg-center align-items-md-center align-items-center gutters-col-lg-2 gutters-col-md-2 gutters-col-0 gutters-col-v-lg-2 gutters-col-v-md-2 gutters-col-v-2\">\n          <!---->\n          <div class=\"h-column h-column-container d-flex h-col-lg-auto h-col-md-auto h-col-auto align-self-lg-center align-self-md-center align-self-center style-504-outer style-local-61-c4-outer\">\n            <div data-colibri-id=\"61-c4\" class=\"d-flex h-flex-basis h-column__inner h-px-lg-2 h-px-md-2 h-px-2 v-inner-lg-2 v-inner-md-2 v-inner-2 style-504 style-local-61-c4 position-relative\">\n              <!---->\n              <!---->\n              <div class=\"w-100 h-y-container h-column__content h-column__v-align flex-basis-100 align-self-lg-start align-self-md-start align-self-start\">\n                <!---->\n                <div data-colibri-id=\"61-c5\" class=\"style-505 style-local-61-c5 position-relative h-element\">\n                  <!---->\n                  <div>\n                    \n                    <p>Es un sitio donde:<\/p>\n                    \n\n                    \n                    <p>Podr\u00e1s aprender y ense\u00f1ar.<\/p>\n                    \n\n                    \n                    <p>Podr\u00e1s aprender a dar clases en l\u00ednea o agregar nuevas herramientas a tu experiencia actual.<\/p>\n                    \n\n                    \n                    <p>Podr\u00e1s dictar tus cursos desde nuestra plataforma.<\/p>\n                    \n\n                    \n                    <p>Te ayudamos a crear tu p\u00e1gina web o tu plataforma de aprendizaje.<\/p>\n                    \n\n                    \n                    <p>Equipo KREANTE<\/p>\n                    \n                  <\/div>\n                <\/div>\n              <\/div>\n            <\/div>\n          <\/div>\n        <\/div>\n      <\/div>\n    <\/div>\n  <\/div>\n<\/div>","protected":false},"excerpt":{"rendered":"<p>Es un sitio donde: Podr\u00e1s aprender y ense\u00f1ar. Podr\u00e1s aprender a dar clases en l\u00ednea o agregar nuevas herramientas a tu experiencia actual. Podr\u00e1s dictar tus cursos desde nuestra plataforma. Te ayudamos a crear tu p\u00e1gina web o tu plataforma de aprendizaje. Equipo KREANTE<\/p>\n","protected":false},"author":1,"featured_media":0,"parent":0,"menu_order":0,"comment_status":"closed","ping_status":"closed","template":"page-templates\/full-width-page.php","meta":{"footnotes":""},"class_list":["post-61","page","type-page","status-publish","hentry"],"_links":{"self":[{"href":"https:\/\/kreante.com.ar\/index.php\/wp-json\/wp\/v2\/pages\/61","targetHints":{"allow":["GET"]}}],"collection":[{"href":"https:\/\/kreante.com.ar\/index.php\/wp-json\/wp\/v2\/pages"}],"about":[{"href":"https:\/\/kreante.com.ar\/index.php\/wp-json\/wp\/v2\/types\/page"}],"author":[{"embeddable":true,"href":"https:\/\/kreante.com.ar\/index.php\/wp-json\/wp\/v2\/users\/1"}],"replies":[{"embeddable":true,"href":"https:\/\/kreante.com.ar\/index.php\/wp-json\/wp\/v2\/comments?post=61"}],"version-history":[{"count":4,"href":"https:\/\/kreante.com.ar\/index.php\/wp-json\/wp\/v2\/pages\/61\/revisions"}],"predecessor-version":[{"id":422,"href":"https:\/\/kreante.com.ar\/index.php\/wp-json\/wp\/v2\/pages\/61\/revisions\/422"}],"wp:attachment":[{"href":"https:\/\/kreante.com.ar\/index.php\/wp-json\/wp\/v2\/media?parent=61"}],"curies":[{"name":"wp","href":"https:\/\/api.w.org\/{rel}","templated":true}]}}